divisor of q and 8.
4
Let f = 510 - 541. Let m be 2/f - 2409/(-341). Calculate the highest common factor of m and 329.
7
Let o(h) be the second derivative of -3*h**3 - 18*h**2 + 56*h. Let c be o(-8). Let d = -7 - -19. Calculate the greatest common divisor of d and c.
12
Let r = -14 + 28. Suppose 5*b = r - 44. Let j be (5 - (-21)/b)*10. Calculate the highest common factor of 9 and j.
3
Suppose -d = -2*c - 17, 4*d - 5*c + 2*c = 33. Calculate the highest common factor of 664 and d.
1
Let o = 793 - 791. Let l be (-21 + 1)*(-5)/10. Let n = -8 + l. What is the greatest common factor of o and n?
2
Let r(p) = -11*p + 117. Let n be r(26). Let t = -147 - n. What is the greatest common divisor of t and 77?
11
Suppose -5*h + 1625 = -6*f + 5*f, 0 = -3*h + 2*f + 975. Calculate the greatest common factor of h and 91.
13
Let l(j) = -248*j + 71. Let d be l(-4). Let f = d + -813. What is the highest common factor of 175 and f?
25
Let m be 2/(-10) + (-1664)/5. Let b = -321 - m. Calculate the greatest common factor of 444 and b.
12
Let f be 57448/76 + 34/323. Calculate the highest common divisor of f and 112.
28
Let m = -768 - -1119. Let l = -18256 + 18269. What is the highest common factor of l and m?
13
Let i = -149 - -167. Let k be 4 - ((-6)/i*3)/1. What is the greatest common factor of 235 and k?
5
Let f = 6661 + -6638. Calculate the greatest common divisor of f and 3749.
23
Let r(f) = -246*f**3 + 2*f**2 - 2. Let u be r(-1). Let p = u + 77. Calculate the highest common factor of p and 34.
17
Let j be 357/27 + (-2)/9. Suppose -20*y + j*y + 1610 = 0. Calculate the greatest common divisor of 92 and y.
46
Let j(l) = 3*l**2 - 21*l - 87. Let u be j(-4). Calculate the greatest common factor of u and 375.
15
Suppose -6*w + 763 = w. Suppose -3*t = 94 - w. Suppose -t*x - 4*x = -54. Calculate the greatest common divisor of 114 and x.
6
Suppose 67*t - 1420 = -75*t. Suppose 2*u + 0*u - 340 = 0. What is the highest common divisor of u and t?
10
Suppose 16 = k + 10. Suppose -28 = -2*q - 5*m - k, -3*q + 3*m + 33 = 0. Suppose 59 = t + 15. Calculate the greatest common divisor of q and t.
11
Let q(m) = -10*m - 4. Let x be q(-4). Suppose -2*o = -4, 4*o = 10*d + 8*d - 316. What is the greatest common factor of d and x?
18
Suppose -k - 1 = 0, 3*h + 173 = 4*h + 3*k. Let f(u) = -u**2 - 30*u - 160. Let v be f(-22). Calculate the greatest common factor of v and h.
16
Let o(v) = -v**3 - 29*v**2 - 10*v - 864. Let t be o(-30). What is the highest common divisor of t and 945?
21
Suppose -12*m = -15*m - w + 182, 3*w + 12 = 0. What is the highest common factor of 837 and m?
31
Let b be (1 + 2 - -2)*(-22 - (-1309)/55). Calculate the highest common factor of 29583 and b.
9
Let b(v) = -v**2 + 52. Let t be b(-7). Suppose -3*f = -o + 37, -2*f - 71 = -3*o - t*f. What is the highest common factor of 25 and o?
25
Suppose 19*n = 8*n + 803. Suppose 0 = -12*h + n + 47. Let l be (-399)/(-5) - (-3)/15. Calculate the highest common factor of h and l.
10
Suppose -1114*x = -1110*x - 24. Let y(q) = 7*q + 5*q**2 - 13 + 0*q**2 - q**3 + q**2. Let v be y(x). Calculate the greatest common divisor of 87 and v.
29
Let n be (1 - 62/(-6))*(25 - 52). Let z be 388/14 + n/(-42) + -7. What is the greatest common factor of z and 140?
28
Let f(x) = 2*x**2 - 296*x + 3410. Let j be f(12). Calculate the highest common factor of j and 3.
1
Let h(l) = 29*l - 36. Suppose -4*x + 13 + 14 = -3*y, -2*y = -2*x + 14. Let v be h(x). Calculate the greatest common divisor of 345 and v.
69
Let k be 6 + -2 - 2*(-41139)/18. What is the highest common factor of 183 and k?
183
Suppose 5*a + 0 = 25. Suppose -2*i = s - 72, -4*s = a*i - 10*i - 249. Let j be (-11)/(-2*4/16). Calculate the highest common divisor of j and s.
22
Let b(n) = 2*n**2 - 56*n + 22. Let a be b(29). Calculate the highest common factor of 490 and a.
10
Let m = 6912 + -3339. Calculate the highest common divisor of 9 and m.
9
Let k = 3240 + -950. Calculate the highest common divisor of k and 30.
10
Let k be 0/(-3*2/(-6)). Suppose 6*r + k*r - 156 = 0. Let f = 38 - -92. Calculate the greatest common divisor of r and f.
26
Let i(h) = 3*h**2 + 21*h + 6. Let l be i(-7). Let n = 6 - l. Suppose n = -5*s + 4*s + 175. Calculate the highest common factor of s and 25.
25
Let w = -2157 - -2164. Calculate the highest common divisor of w and 287.
7
Suppose 453*z + 3928 = 15706. Suppose -3*q + 342 = 30. Calculate the greatest common divisor of z and q.
26
Suppose 4*a - s = 2, -5*a + 4*s = -s - 10. Let w be (-7)/((-42)/228) - a. What is the greatest common factor of w and 171?
19
Let n = 97 - 85. Suppose -12 = n*p - 8*p. Let x be (0/2)/p - -69. Calculate the greatest common divisor of x and 46.
23
Let l(v) = -504 + 57*v**2 - 455 + 19*v + 1000. Let m be l(-2). Calculate the greatest common divisor of 21 and m.
21
Let a(g) = g + 272. Let p be a(0). Let k be ((-2924)/(-430))/(4/20). Calculate the greatest common factor of p and k.
34
Let k = 9106 + -5681. What is the highest common divisor of k and 50?
25
Let b(j) = j**2 + 23*j + 626. Let i be b(-29). What is the greatest common factor of 450 and i?
50
Let m be (-14 - -14) + 605 + 1. Let u = -594 + m. Suppose 2*b + z - 6 = -1, 2*b = 4*z + 10. Calculate the highest common factor of u and b.
3
Suppose 0 = 13*s - 507 - 169. Suppose -h = 12 - s. Let t = 36 + -26. Calculate the greatest common factor of h and t.
10
Let z(o) = 37*o**2 + 7. Let t be z(4). Suppose -b = g + g - t, 9 = 3*g. Let u = -406 + b. What is the highest common factor of 17 and u?
17
Let k(n) be the second derivative of 11*n**5/20 + n**4/12 - 7*n**3/6 + 11*n**2/2 + 162*n. Let u be k(4). Calculate the greatest common factor of u and 19.
19
Let r be 340/51*(-6)/10*-2. Suppose -r = -s - 5. Suppose 0 = s*z - 9*z + 150. What is the highest common divisor of z and 75?
25
Suppose -x = 3*a - 154, -138 = -2*a - x - 36. Calculate the greatest common divisor of a and 25948.
52
Suppose 2*c - 18 = 5*a - 97, 5*c + 214 = -4*a. Let v = c - -26. Let x be (0 - -1)/((-1)/v). What is the highest common divisor of x and 12?
4
Let a be (17/2 + -7)*(-28)/(-3). Suppose -38 = -5*r + 287. Let f = 163 - r. What is the greatest common factor of a and f?
14
Let l be ((-44)/(-22))/(0 - -1) - 4. Let t be 18*(l/10)/((-8)/20). Calculate the highest common factor of 27 and t.
9
Let n(x) = 2*x**2 + 37*x + 23. Suppose 0 = -1006*f + 1014*f + 152. Let o be n(f). Calculate the greatest common divisor of o and 54.
6
Let i be (-1)/((-4)/(-30))*-32*3/5. What is the greatest common factor of i and 54?
18
Suppose 87*o - 427 - 333 = 47*o. Suppose 2*m = 2*x - x + 41, 4*m - 79 = x. What is the greatest common divisor of m and o?
19
Let q = -9 - -39. Suppose 3*y + 250 = 28*y. Calculate the greatest common factor of y and q.
10
Let p(o) = 49*o**2 + 12*o + 41. Let k be p(-3). Let r = k + -377. Calculate the greatest common divisor of 184 and r.
23
Suppose -y - 5*a + 114 = 0, -2*y - 2*a + 616 = 3*y. Suppose 3*w + 2 - 14 = 0. Calculate the highest common factor of y and w.
4
Suppose -i + 18 = -0*i. Suppose i - 16 = 2*k. Let b be (k - 7)/((-20)/240). What is the greatest common factor of 18 and b?
18
Suppose -957 - 2731 = -8*c. Let t = c + -428. Let z be 224/10 + 2/(-5). What is the highest common factor of t and z?
11
Let h be 18/(-8)*32/(-6). Let y be (-114)/8 - (-35)/140. Let s be y/(-49) - (-3)/((-84)/(-160)). Calculate the highest common factor of s and h.
6
Suppose 4*v - 5 = 7. Let y be ((-6)/15)/((-2)/(-10)). Let c = -1 - y. Calculate the greatest common divisor of c and v.
1
Suppose -5*o = -o - 368. Suppose 69 = -y + 206. Suppose 139 = n - m, -n + 0*m + y = m. Calculate the greatest common divisor of n and o.
46
Suppose 2*x = 9*x - 1715. Let o = 1195 + -999. What is the highest common factor of o and x?
49
Let b(k) = k**2 + 66*k + 1564. Let s be b(-26). Calculate the highest common divisor of s and 1834.
262
Let l be (-2)/(-5)*287035/118. Calculate the highest common factor of 139 and l.
139
Let o(b) = b**2 - 3*b - 6. Let k be o(-3). Let z be (-846)/(-8) + 3*(-3)/k. Let w be (-1 - 0) + (-88)/(-4). What is the highest common factor of w and z?
21
Suppose 20 = -5*x, -4*q - 4*x = -2*q - 120. What is the highest common factor of q and 918?
34
Suppose 53*j - 7760 = 5*j + 20080. Calculate the highest common divisor of j and 